 and b?
17
Let u be (-1 - -5) + 5 + 2. Let b(f) = f**3 - 4*f**2 - 9*f - 62. Let l be b(7). Calculate the highest common divisor of u and l.
11
Let w be (1 + -19)/((-21)/(-14)). Let u be (w/30)/((-1)/45). Let o be (-92)/(-4) + 1*(-6 - -1). Calculate the greatest common factor of u and o.
18
Let a be (-56)/(-6 - 22/(-4)). Let p = -76 + a. Calculate the greatest common factor of p and 66.
6
Suppose -470 = 118*d - 128*d. Suppose 664 = 3*j - 605. What is the highest common factor of d and j?
47
Let c(g) = 10*g**2 + 231*g + 37. Let f be c(-35). What is the greatest common factor of f and 22?
22
Suppose -4*v = 8 - 4, 4*v = -3*s + 299. What is the highest common divisor of 505 and s?
101
Suppose 3*u = 63 + 54. Suppose 5*p - 110 = -2*o - 32, -o + 2*p = -39. Calculate the greatest common factor of u and o.
39
Let o = -32 - -46. Let p be ((-4)/o)/((-23)/161). Suppose -p = -8*y + 6. Calculate the highest common divisor of 6 and y.
1
Suppose l - 5*g = 15, -3*l - 17 = -g - 34. Let t be 1/(((-5)/(-27))/l). What is the highest common factor of t and 360?
9
Let n be (175/(-70))/(2/4) - -9. Suppose 3*h - 4 = 8. Let r be 77 + (-2)/h + 2/n. Calculate the greatest common factor of 7 and r.
7
Suppose -28*w = -27*w + 2*q + 15, w - 4*q - 33 = 0. What is the greatest common divisor of w and 2083?
1
Suppose -2 = -n + 1. Suppose -22*r = -24*r - 4*w + 4, 3*r = -4*w + 12. Let m = r + n. What is the greatest common divisor of 11 and m?
11
Let k(r) = -13*r - 18. Let h be k(-6). Let z be ((-180)/24)/((-6)/36). Calculate the highest common factor of h and z.
15
Suppose -12 = -4*u, 3439*t - 3443*t - 4*u + 1068 = 0. Suppose -4 = -h - 1, -4*h - 120 = -4*v. Calculate the greatest common divisor of t and v.
33
Let u = -167 - -589. Suppose -3*w = -1247 + u. Suppose 0 = 4*y - 64 - 36. Calculate the greatest common divisor of w and y.
25
Suppose -3220 - 1252 = -52*b. Suppose 22 = 12*a - b. Calculate the highest common divisor of a and 69.
3
Suppose 5*n + 9135 = -1443*r + 1448*r, -2*r = 3*n - 3609. Calculate the greatest common divisor of 171 and r.
9
Let p(d) be the second derivative of d**4/12 - 7*d**3/2 + 48*d**2 - 21*d. Let k be p(5). What is the greatest common factor of 36 and k?
4
Suppose 270 = -4*r + 19*r. Let g(k) = 2*k**2 + 27*k + 37. Let l be g(-16). Calculate the highest common divisor of l and r.
9
Suppose 51*g - 3507 - 1236 = 0. Calculate the greatest common divisor of g and 2356.
31
Suppose 7*o = 3323 + 1605. Let f = 709 - o. Calculate the greatest common divisor of f and 135.
5
Let z = -10866 - -11167. Calculate the greatest common divisor of z and 86.
43
Suppose 51*b + 5*a = 54*b - 10716, 0 = -5*b + 4*a + 17860. What is the highest common divisor of 188 and b?
188
Let x be 6/21 - (18092/(-280) + (-8)/80). Let t = 40 + 51. Calculate the highest common divisor of x and t.
13
Let s be (-4 - -3)*(-99)/2*340/510. Calculate the greatest common factor of 2519 and s.
11
Let w = 94 + -89. Let c be 1 - (-1 + w - 4). Let p be c/(-1) + 7 - 2. Calculate the highest common factor of p and 64.
4
Suppose -239*p + 5808186 = -48*p + 52*p. Calculate the highest common divisor of 76 and p.
38
Suppose 9*m + 8 = 5*m, 2*b - 6 = -m. Suppose b*t + 128 = 20*t. What is the highest common factor of 128 and t?
8
Suppose 38*y - 17*y - 13*y = 504. Calculate the greatest common factor of y and 2268.
63
Let z be (111/185)/(1/360). Calculate the highest common factor of z and 296.
8
Let w = 12 + -10. Suppose -5*d + w*l + 2*l + 1420 = 0, 5*d - l = 1405. Let a = 65 + -30. Calculate the highest common divisor of d and a.
35
Suppose -7742 = -13*q + 25*q - 70382. What is the highest common factor of q and 80?
20
Suppose 14372 = 2*v + 4*n, 83*n - 28792 = -4*v + 87*n. What is the highest common divisor of 66 and v?
66
Let u(t) = -t**3 + 5*t**2 + 53*t - 216. Let x be u(5). What is the greatest common divisor of 630 and x?
7
Let s be (171 - (-7 - -10)) + 1 + 1. Calculate the greatest common divisor of s and 190.
10
Suppose 25685 = -421*c + 844019 + 263215. What is the greatest common factor of c and 49?
7
Suppose 26*x - 21 = 30*x + 19, -31*h + x + 1250 = 0. Suppose 0 = -3*m, -760 = -4*g - 5*m - 200. Calculate the greatest common divisor of g and h.
20
Let c = -18 + 22. Suppose 4*x - o - 77 = 0, -6*x + 26 = -c*x + 2*o. Suppose -x = 6*i - 12*i. Calculate the highest common divisor of i and 1.
1
Let w be 1 + 747/27 - (-2)/6. Suppose 8*m + 588 = w*m. Suppose 0 = f + n - 13 - 3, -n - 54 = -4*f. What is the highest common factor of m and f?
14
Let k be (-12)/(-27)*27 - -506. Calculate the highest common divisor of k and 4033.
37
Let y = -737 + 818. Suppose 12*l - 7*l - 5 = 0. Suppose -l - 8 = -i. What is the greatest common factor of y and i?
9
Let l(p) = 6*p**2 - 122*p + 663. Let o be l(16). What is the highest common divisor of 10621 and o?
247
Let o be 3/(32/(-360) + 1/5). Calculate the greatest common divisor of 34803 and o.
27
Let n(f) = 66*f**2 - f - 2. Suppose -3*k = 2*k - 2*y + 11, -y + 8 = -5*k. Let m be n(k). Calculate the highest common factor of 13 and m.
13
Let l be (-124 + 141)/(0 + 1 - 0). Suppose -5*n = 166 + 9. Let b = n - -171. Calculate the highest common factor of b and l.
17
Let g be (59 - -1)*((-16473)/(-855) - (-13)/(-5)). Calculate the highest common factor of 680 and g.
40
Let x be (-36)/60*(-20)/((-2)/(-1)). Let l be -4 + -4 + (-33)/x*-4. What is the greatest common factor of 28 and l?
14
Suppose -10*u + 15*u + 2*j - 2279 = 0, -u + 460 = -j. Let g = -241 + u. Calculate the greatest common divisor of 162 and g.
54
Suppose 4*a = 4*m + 248, -3*a + 2*m - 66 + 254 = 0. Calculate the greatest common divisor of a and 192.
64
Suppose 2*a = 12*a - 70. Suppose 17*i - 50 = a*i. Suppose 9 = -3*k + 12. What is the greatest common divisor of i and k?
1
Suppose -26*j + 34*j - 3608 = -74*j. Calculate the highest common divisor of 4972 and j.
44
Let t be (-41 - -40)*-134*(-9)/(-2). Calculate the greatest common factor of 162 and t.
9
Suppose -5*y = 55*w - 52*w - 146, 3*w - y = 122. Calculate the greatest common divisor of w and 2814.
42
Let c = -3 + 53. Let u = 1720 - 1680. Calculate the greatest common factor of c and u.
10
Let g = -1414 - -1630. What is the greatest common factor of 2088 and g?
72
Let b(z) = z**3 + z**2 - 2*z + 70. Let p be b(0). Let f = p - 6. Calculate the greatest common factor of 16 and f.
16
Let s(j) = j**2 - 19*j - 48. Let r be s(21). Let b be ((-9)/(-42))/(r/21)*-56. Calculate the highest common factor of 42 and b.
42
Let j = -71 - -74. Suppose -2*t - j = -35. Calculate the highest common factor of t and 6.
2
Let v be (13 - 2) + 804 + 0. What is the greatest common divisor of v and 10?
5
Let q be ((-18)/(-27))/((-4)/(-42)). Let z(g) = 3*g**2 - 9*g - 53. Let p be z(q). Calculate the greatest common divisor of p and 713.
31
Let y = -328 + 2040. Calculate the greatest common factor of 321 and y.
107
Suppose -3*x + 4*k = 2*x - 52, -62 = -5*x - k. Let l be 2*(-42)/x - -56. Calculate the greatest common factor of 147 and l.
49
Let i be ((-40)/210 + 2/(-14))*3. Let q = 166 + i. Suppose 0 = 4*l - l - 45. Calculate the highest common factor of l and q.
15
Let f(z) = -9*z**3 - 66*z**2 + 6*z + 21. Let d be f(-8). What is the greatest common divisor of d and 119?
119
Let a(q) = 42*q**2 + 531*q + 5712. Let x be a(-11). Calculate the highest common factor of 156 and x.
39
Suppose 0 = -17*t + 22*t - 50*t + 91080. Calculate the greatest common factor of 66 and t.
22
Suppose 0 = 4*z, 0*z + 4 = 4*k - 2*z. Let t be (-11 + k)/(62/(-155)). What is the highest common factor of 50 and t?
25
Let b(d) = 5*d - 2. Let k be b(4). Suppose -8*z = -3*z - 75. Let j be (-22)/55 - (-456)/z. Calculate the highest common factor of k and j.
6
Suppose 5*r + 2*z + 67 = 0, -64 = -10*r + 15*r - z. Let g be ((r - -19) + -7)/((-1)/26). What is the highest common divisor of g and 806?
26
Let p = -139 - -195. Let d be ((-68)/(-24))/17*12 - (-12)/2. Calculate the greatest common divisor of d and p.
8
Let g(w) = -38*w - 104. Let b be g(-3). What is the highest common factor of 422 and b?
2
Let m be 216/168 - 12342/(-21). What is the highest common divisor of 57 and m?
19
Suppose 7*a + 526 = 22. Let w be 6/(-4)*a/(-27) + 91. What is the greatest common factor of w and 29?
29
Let o be ((-54)/3)/((-2)/((-16)/12)). Let p(t) = 